0749477 prime?
True
Is 142315519 a composite number?
True
Is 869511847 composite?
True
Is 6283871267 a prime number?
False
Is 38034559291 prime?
True
Is 3194949713 composite?
False
Is 137931481379 a prime number?
True
Is 549898241 prime?
True
Is 86773979 prime?
True
Is 33105653645 prime?
False
Is 228000077 composite?
False
Is 7397957811 composite?
True
Is 1772472991 prime?
False
Is 6818355107 composite?
False
Is 248355607 a prime number?
True
Is 707802427 prime?
True
Is 57685777249 a composite number?
False
Is 938754721 a prime number?
True
Is 65736135902 a prime number?
False
Is 8755345721 prime?
False
Is 182372227 composite?
False
Is 15392358741 a prime number?
False
Is 429951737 a prime number?
True
Is 227549345 a prime number?
False
Is 212730041 a prime number?
True
Is 450787153 composite?
True
Is 1910252717 prime?
False
Is 238983299 a prime number?
False
Is 1544864081 prime?
True
Is 2803084789 a prime number?
True
Is 4896707657 a composite number?
False
Is 131146355 prime?
False
Is 5151412667 a composite number?
True
Is 1690989887 composite?
True
Is 885019073 prime?
True
Is 140866110119 composite?
True
Is 671280859 a composite number?
False
Is 1282265553 a prime number?
False
Is 16276701409 a composite number?
False
Is 41242695947 a composite number?
False
Is 65691923 a composite number?
True
Is 4455337319 prime?
True
Is 606847169 composite?
False
Is 212304284131 composite?
False
Is 13380361231 composite?
True
Is 6324877291 prime?
True
Is 8677861597 a composite number?
True
Is 5066797591 composite?
False
Is 2246384761 a composite number?
False
Is 1450861031 a composite number?
False
Is 211474442 a composite number?
True
Is 22157815763 prime?
False
Is 1064420417 a prime number?
True
Is 14081111 a composite number?
True
Is 87045688214 a prime number?
False
Is 8187422219 composite?
True
Is 1781052113 composite?
True
Is 116093371 a composite number?
False
Is 17326065122 a composite number?
True
Is 4563477013 composite?
False
Is 110173470749 a prime number?
False
Is 9881793781 a prime number?
True
Is 114918546059 a composite number?
False
Is 61257431243 a prime number?
True
Is 7573360483 a composite number?
True
Is 645445163 prime?
False
Is 3591380501 a prime number?
False
Is 58394642401 composite?
True
Is 1948018223 prime?
False
Is 529997047 a composite number?
True
Is 2017720039 a composite number?
True
Is 299481187 a prime number?
False
Is 3814432711 composite?
True
Is 1868196667 composite?
False
Is 10597358393 a prime number?
True
Is 3293867971 a prime number?
True
Is 4623288391 prime?
False
Is 8954341859 a prime number?
True
Is 3540788477 prime?
False
Is 14830076077 a composite number?
False
Is 477288961 prime?
True
Is 1577313473 prime?
True
Is 16073092417 a composite number?
False
Is 54782870837 composite?
False
Is 2729242463 a composite number?
True
Is 25069616989 composite?
True
Is 117639745787 a composite number?
False
Is 87789280549 composite?
True
Is 5316026983 a composite number?
False
Is 14595334517 a composite number?
False
Is 3590265849 composite?
True
Is 1229631519 a composite number?
True
Is 1587239701 a composite number?
True
Is 27019840543 a composite number?
False
Is 5410401797 a prime number?
False
Is 5648333177 a prime number?
True
Is 5389487767 prime?
True
Is 97802792519 a prime number?
True
Is 565279660783 a prime number?
True
Is 26443549061 composite?
False
Is 5332617721 composite?
True
Is 3963744533 a prime number?
False
Is 9137582822 a prime number?
False
Is 384184981 prime?
False
Is 137927384713 composite?
False
Is 11360316199 a composite number?
True
Is 29377210847 a prime number?
True
Is 106360685801 a composite number?
False
Is 821073017 a prime number?
False
Is 72758927 composite?
True
Is 122764417 a composite number?
True
Is 2907578083 composite?
False
Is 11770032691 prime?
True
Is 19565291181 a prime number?
False
Is 710816677 composite?
True
Is 11100745781 a composite number?
False
Is 2665510339 a composite number?
True
Is 196535152511 prime?
False
Is 17531451143 a composite number?
True
Is 2320498577 prime?
True
Is 4673551061 a composite number?
False
Is 233219083 composite?
False
Is 5819136857 a composite number?
False
Is 1804943993 a prime number?
False
Is 1371596437 a prime number?
True
Is 9897062473 prime?
True
Is 37418842057 composite?
True
Is 1939136429 composite?
False
Is 64998498277 a composite number?
True
Is 723905653 composite?
True
Is 600890749 composite?
False
Is 38821807099 a prime number?
True
Is 1453871351 a prime number?
False
Is 1264711699 a prime number?
True
Is 54964097345 prime?
False
Is 1576807741 a composite number?
False
Is 15114051842 prime?
False
Is 330193181 composite?
False
Is 3683400583 composite?
False
Is 12005073953 a prime number?
False
Is 379622988079 composite?
True
Is 25709574851 prime?
True
Is 234488949391 a prime number?
True
Is 31003778177 composite?
False
Is 44236475863 a prime number?
False
Is 8228275934 composite?
True
Is 22141693759 a composite number?
False
Is 27186915478 prime?
False
Is 20691745255 a prime number?
False
Is 18087212698 a composite number?
True
Is 2284349999 a prime number?
False
Is 54940570469 prime?
True
Is 78896711957 a composite number?
True
Is 1592402303 a composite number?
False
Is 293826047 a prime number?
False
Is 184343443 prime?
True
Is 11196827 prime?
True
Is 683829259 prime?
True
Is 494468171 prime?
False
Is 1720245119 composite?
False
Is 17798620549 prime?
True
Is 781878953 a composite number?
True
Is 1541927461 composite?
False
Is 594871117 a composite number?
False
Is 837200107 a prime number?
True
Is 686359231 a prime number?
True
Is 23402299957 composite?
True
Is 11995469 a composite number?
False
Is 3387644929 composite?
False
Is 431305087 composite?
True
Is 4414769146 a prime number?
False
Is 1759350911 prime?
True
Is 11905993111 a composite number?
False
Is 3774932647 a composite number?
False
Is 3386591443 composite?
False
Is 1097995291 prime?
True
Is 214060067 a composite number?
True
Is 38907446119 composite?
False
Is 642786671 a prime number?
False
Is 2024131757 prime?
False
Is 1157757283 a composite number?
False
Is 27305685613 composite?
True
Is 232782209 a composite number?
True
Is 8477099087 prime?
False
Is 7293899581 prime?
False
Is 240051859 composite?
True
Is 14584133573 a prime number?
True
Is 397808077 prime?
False
Is 1660356899 composite?
True
Is 1675482463 a prime number?
False
Is 71216021737 prime?
False
Is 5142460777 composite?
False
Is 5887671817 a prime number?
True
Is 328680997 prime?
False
Is 14198558813 a prime number?
False
Is 2108486239 a composite number?
True
Is 71456278987 prime?
False
Is 572835611 a prime number?
False
Is 85236271141 composite?
True
Is 1900235221 prime?
False
Is 1931150723 composite?
False
Is 267390521 prime?
False
Is 65121411 prime?
False
Is 13708954351 prime?
False
Is 1866916823 a composite number?
False
Is 198220275233 composite?
True
Is 475335191 a composite number?
True
Is 65676485183 prime?
True
Is 182524777 a composite number?
True
Is 32540754257 composite?
True
Is 10824415331 a prime number?
False
Is 3707993153 a prime number?
False
Is 3302750413 a composite number?
False
Is 5257072853 prime?
False
Is 989502229 composite?
False
Is 1464845453 prime?
True
Is 112753274953 composite?
True
Is 2751848877 prime?
False
Is 1715838863 prime?
False
Is 164969891 a prime number?
False
Is 54303274189 a prime number?
True
Is 2136499577 prime?
True
Is 2297030885 prime?
False
Is 92940794699 a prime number?
False
Is 240345866 prime?
False
Is 19382287579 a composite number?
False
Is 275533528393 prime?
True
Is 185077489 prime?
True
Is 5040062053 a composite number?
True
Is 45694585 prime?
False
Is 468851569 composite?
True
Is 1557177931 a prime number?
True
Is 5582531807 composite?
False
Is 6036541787 composite?
False
Is 1301670793 a composite number?
False
Is 4787731303 a composite number?
True
Is 3318015907 a prime number?
True
Is 8944399097 prime?
True
Is 1952985857 composite?
True
Is 13835508833 a prime number?
False
Is 530559367 a composite number?
True
Is 11004777835 a composite number?
True
Is 3970687741 a composite number?
True
Is 1380238529 prime?
True
Is 137588335813 prime?
True
Is 7431419 a prime number?
True
Is 16252485827 composite?
False
Is 12071341549 a composite number?
True
I